{"id":1183,"date":"2017-09-01T17:37:02","date_gmt":"2017-09-01T16:37:02","guid":{"rendered":"http:\/\/ciergerie-urt.net\/public\/?page_id=1183"},"modified":"2024-07-13T11:13:43","modified_gmt":"2024-07-13T10:13:43","slug":"la-boutique-du-monastere","status":"publish","type":"page","link":"https:\/\/ciergerie-urt.net\/public\/la-boutique-du-monastere\/","title":{"rendered":"La Boutique du Monast\u00e8re"},"content":{"rendered":"<p>[et_pb_section fb_built=\u00a0\u00bb1&Prime; fullwidth=\u00a0\u00bbon\u00a0\u00bb _builder_version=\u00a0\u00bb4.16&Prime; animation_style=\u00a0\u00bbslide\u00a0\u00bb animation_direction=\u00a0\u00bbtop\u00a0\u00bb animation_intensity_slide=\u00a0\u00bb2%\u00a0\u00bb animation_starting_opacity=\u00a0\u00bb100%\u00a0\u00bb global_colors_info=\u00a0\u00bb{}\u00a0\u00bb][et_pb_fullwidth_header title=\u00a0\u00bbLa boutique du Monast\u00e8re\u00a0\u00bb content_max_width=\u00a0\u00bb800px\u00a0\u00bb _builder_version=\u00a0\u00bb4.16&Prime; title_level=\u00a0\u00bbh2&Prime; title_font=\u00a0\u00bbLato||||||||\u00a0\u00bb title_text_align=\u00a0\u00bbcenter\u00a0\u00bb title_font_size=\u00a0\u00bb60px\u00a0\u00bb title_line_height=\u00a0\u00bb1.2em\u00a0\u00bb content_font=\u00a0\u00bb||||||||\u00a0\u00bb content_font_size=\u00a0\u00bb20px\u00a0\u00bb content_line_height=\u00a0\u00bb1.8em\u00a0\u00bb background_color=\u00a0\u00bbrgba(255, 255, 255, 0)\u00a0\u00bb use_background_color_gradient=\u00a0\u00bbon\u00a0\u00bb background_color_gradient_direction=\u00a0\u00bb90deg\u00a0\u00bb background_color_gradient_stops=\u00a0\u00bbrgba(0,0,0,0.75) 0%|rgba(0,0,0,0) 100%\u00a0\u00bb background_color_gradient_overlays_image=\u00a0\u00bbon\u00a0\u00bb background_color_gradient_start=\u00a0\u00bbrgba(0,0,0,0.75)\u00a0\u00bb background_color_gradient_end=\u00a0\u00bbrgba(0,0,0,0)\u00a0\u00bb background_image=\u00a0\u00bbhttps:\/\/ciergerie-urt.net\/public\/wp-content\/uploads\/2021\/09\/boutique-ciergerie.png\u00a0\u00bb custom_button_one=\u00a0\u00bbon\u00a0\u00bb button_one_text_size=\u00a0\u00bb18px\u00a0\u00bb button_one_bg_color=\u00a0\u00bb#02d002&Prime; button_one_border_width=\u00a0\u00bb8px\u00a0\u00bb button_one_border_color=\u00a0\u00bb#02d002&Prime; button_one_border_radius=\u00a0\u00bb0px\u00a0\u00bb button_one_letter_spacing=\u00a0\u00bb1px\u00a0\u00bb button_one_font=\u00a0\u00bbLato|700|||||||\u00a0\u00bb button_one_use_icon=\u00a0\u00bboff\u00a0\u00bb custom_button_two=\u00a0\u00bbon\u00a0\u00bb button_two_text_size=\u00a0\u00bb18px\u00a0\u00bb button_two_text_color=\u00a0\u00bb#353740&Prime; button_two_bg_color=\u00a0\u00bb#ffffff\u00a0\u00bb button_two_border_width=\u00a0\u00bb8px\u00a0\u00bb button_two_border_color=\u00a0\u00bb#ffffff\u00a0\u00bb button_two_border_radius=\u00a0\u00bb0px\u00a0\u00bb button_two_letter_spacing=\u00a0\u00bb1px\u00a0\u00bb button_two_font=\u00a0\u00bbLato|700|||||||\u00a0\u00bb button_two_use_icon=\u00a0\u00bboff\u00a0\u00bb custom_margin=\u00a0\u00bb|||\u00a0\u00bb custom_padding=\u00a0\u00bb8%||8%|\u00a0\u00bb title_font_size_tablet=\u00a0\u00bb45px\u00a0\u00bb title_font_size_phone=\u00a0\u00bb35px\u00a0\u00bb title_font_size_last_edited=\u00a0\u00bbon|phone\u00a0\u00bb button_one_letter_spacing_hover=\u00a0\u00bb1px\u00a0\u00bb button_two_letter_spacing_hover=\u00a0\u00bb1px\u00a0\u00bb locked=\u00a0\u00bboff\u00a0\u00bb global_colors_info=\u00a0\u00bb{}\u00a0\u00bb button_one_text_size__hover_enabled=\u00a0\u00bboff\u00a0\u00bb button_two_text_size__hover_enabled=\u00a0\u00bboff\u00a0\u00bb button_one_text_color__hover_enabled=\u00a0\u00bboff\u00a0\u00bb button_two_text_color__hover_enabled=\u00a0\u00bboff\u00a0\u00bb button_one_border_width__hover_enabled=\u00a0\u00bboff\u00a0\u00bb button_two_border_width__hover_enabled=\u00a0\u00bboff\u00a0\u00bb button_one_border_color__hover_enabled=\u00a0\u00bboff\u00a0\u00bb button_two_border_color__hover_enabled=\u00a0\u00bboff\u00a0\u00bb button_one_border_radius__hover_enabled=\u00a0\u00bboff\u00a0\u00bb button_two_border_radius__hover_enabled=\u00a0\u00bboff\u00a0\u00bb button_one_letter_spacing__hover_enabled=\u00a0\u00bbon\u00a0\u00bb button_one_letter_spacing__hover=\u00a0\u00bb1px\u00a0\u00bb button_two_letter_spacing__hover_enabled=\u00a0\u00bbon\u00a0\u00bb button_two_letter_spacing__hover=\u00a0\u00bb1px\u00a0\u00bb button_one_bg_color__hover_enabled=\u00a0\u00bboff\u00a0\u00bb button_two_bg_color__hover_enabled=\u00a0\u00bboff\u00a0\u00bb][\/et_pb_fullwidth_header][\/et_pb_section][et_pb_section fb_built=\u00a0\u00bb1&Prime; admin_label=\u00a0\u00bbOur Story Section\u00a0\u00bb _builder_version=\u00a0\u00bb4.16&Prime; custom_padding=\u00a0\u00bb100px||45px|||\u00a0\u00bb global_colors_info=\u00a0\u00bb{}\u00a0\u00bb][et_pb_row column_structure=\u00a0\u00bb1_2,1_2&Prime; admin_label=\u00a0\u00bbOur Story Area\u00a0\u00bb _builder_version=\u00a0\u00bb4.16&Prime; width=\u00a0\u00bb88.3%\u00a0\u00bb global_colors_info=\u00a0\u00bb{}\u00a0\u00bb custom_padding=\u00a0\u00bb||0px|||\u00a0\u00bb][et_pb_column type=\u00a0\u00bb1_2&Prime; _builder_version=\u00a0\u00bb4.16&Prime; custom_padding=\u00a0\u00bb|||\u00a0\u00bb global_colors_info=\u00a0\u00bb{}\u00a0\u00bb custom_padding__hover=\u00a0\u00bb|||\u00a0\u00bb][et_pb_image src=\u00a0\u00bbhttps:\/\/ciergerie-urt.net\/public\/wp-content\/uploads\/2014\/11\/Boutique_monastere2_m-300&#215;225.jpg\u00a0\u00bb force_fullwidth=\u00a0\u00bbon\u00a0\u00bb align_tablet=\u00a0\u00bbcenter\u00a0\u00bb align_phone=\u00a0\u00bb\u00a0\u00bb align_last_edited=\u00a0\u00bbon|desktop\u00a0\u00bb _builder_version=\u00a0\u00bb4.16&Prime; custom_margin=\u00a0\u00bb|||10px||\u00a0\u00bb global_colors_info=\u00a0\u00bb{}\u00a0\u00bb][\/et_pb_image][\/et_pb_column][et_pb_column type=\u00a0\u00bb1_2&Prime; _builder_version=\u00a0\u00bb4.16&Prime; custom_padding=\u00a0\u00bb|||\u00a0\u00bb global_colors_info=\u00a0\u00bb{}\u00a0\u00bb custom_padding__hover=\u00a0\u00bb|||\u00a0\u00bb][et_pb_text admin_label=\u00a0\u00bbTitle\u00a0\u00bb _builder_version=\u00a0\u00bb4.16&Prime; text_font=\u00a0\u00bb||||||||\u00a0\u00bb header_font=\u00a0\u00bb||||||||\u00a0\u00bb header_2_font=\u00a0\u00bbLato||||||||\u00a0\u00bb header_2_font_size=\u00a0\u00bb36px\u00a0\u00bb header_2_line_height=\u00a0\u00bb1.5em\u00a0\u00bb module_alignment=\u00a0\u00bbcenter\u00a0\u00bb custom_margin=\u00a0\u00bb||15px|\u00a0\u00bb custom_padding=\u00a0\u00bb|||\u00a0\u00bb animation_direction=\u00a0\u00bbleft\u00a0\u00bb header_2_font_size_tablet=\u00a0\u00bb30px\u00a0\u00bb header_2_font_size_phone=\u00a0\u00bb23px\u00a0\u00bb header_2_font_size_last_edited=\u00a0\u00bbon|desktop\u00a0\u00bb global_colors_info=\u00a0\u00bb{}\u00a0\u00bb]<\/p>\n<h2>La boutique du monast\u00e8re des B\u00e9n\u00e9dictines<\/h2>\n<p>[\/et_pb_text][et_pb_text content_tablet=\u00a0\u00bb<\/p>\n<p>\u00c0 l\u2019accueil de notre Monast\u00e8re, une boutique pr\u00e9sente des produits de la Ciergerie qui peuvent \u00eatre un cadeau appr\u00e9ci\u00e9 autant par des enfants que par des adultes, ainsi que des enluminures faisant office de signet, des cartes de visite, double cartes peintes \u00e0 la main et quelques cartes postales, chapelet, etc.<\/p>\n<p>La Ciergerie \u00e0 partir du <strong>1er janvier 2023 sera ouverte du lundi au vendredi de 9 h \u00e0 11h30 et de 14h \u00e0 17h<\/strong>. Pour toute n\u00e9cessit\u00e9 hors de ces horaires, n\u2019h\u00e9sitez pas \u00e0 nous contacter.<\/p>\n<div id=%22container%22>\n<div id=%22content%22 class=%22clearfix fullwidth%22>\n<div id=%22left-area%22>\n<div class=%22entry post clearfix%22>\n<div class=%22et_builder clearfix%22>\n<div class=%22et_lb_module et_lb_text_block et_lb_first%22>\n<p><span class=%22st%22><span class=%22aCOpRe%22><span>* Moyens de paiement : ch\u00e8que et esp\u00e8ces.<\/span><\/span><\/span><\/p>\n<\/div>\n<\/div>\n<\/div>\n<\/div>\n<\/div>\n<\/div>\n<p>\u00a0\u00bb content_phone=\u00a0\u00bb<\/p>\n<p>\u00c0 l\u2019accueil de notre Monast\u00e8re, une boutique pr\u00e9sente des produits de la Ciergerie qui peuvent \u00eatre un cadeau appr\u00e9ci\u00e9 autant par des enfants que par des adultes, ainsi que des enluminures faisant office de signet, des cartes de visite, double cartes peintes \u00e0 la main et quelques cartes postales, chapelet, etc.<\/p>\n<p>La Ciergerie \u00e0 partir du <strong>1er janvier 2023 sera ouverte du lundi au vendredi de 9 h \u00e0 11h30 et de 14h \u00e0 17h<\/strong>. Pour toute n\u00e9cessit\u00e9 hors de ces horaires, n\u2019h\u00e9sitez pas \u00e0 nous contacter.<\/p>\n<div id=%22container%22>\n<div id=%22content%22 class=%22clearfix fullwidth%22>\n<div id=%22left-area%22>\n<div class=%22entry post clearfix%22>\n<div class=%22et_builder clearfix%22>\n<div class=%22et_lb_module et_lb_text_block et_lb_first%22>\n<p><span class=%22st%22><span class=%22aCOpRe%22><span>* Moyens de paiement : ch\u00e8que et esp\u00e8ces.<\/span><\/span><\/span><\/p>\n<\/div>\n<\/div>\n<\/div>\n<\/div>\n<\/div>\n<\/div>\n<p>\u00a0\u00bb content_last_edited=\u00a0\u00bbon|phone\u00a0\u00bb _builder_version=\u00a0\u00bb4.19.4&Prime; text_font=\u00a0\u00bb||||||||\u00a0\u00bb text_font_size=\u00a0\u00bb15px\u00a0\u00bb text_line_height=\u00a0\u00bb1.6em\u00a0\u00bb custom_margin=\u00a0\u00bb|-42px||||\u00a0\u00bb custom_padding=\u00a0\u00bb|70px||||\u00a0\u00bb animation_direction=\u00a0\u00bbleft\u00a0\u00bb text_font_size_tablet=\u00a0\u00bb\u00a0\u00bb text_font_size_phone=\u00a0\u00bb14px\u00a0\u00bb text_font_size_last_edited=\u00a0\u00bbon|desktop\u00a0\u00bb text_line_height_tablet=\u00a0\u00bb1.4em\u00a0\u00bb text_line_height_phone=\u00a0\u00bb1.5em\u00a0\u00bb text_line_height_last_edited=\u00a0\u00bbon|phone\u00a0\u00bb global_colors_info=\u00a0\u00bb{}\u00a0\u00bb min_height=\u00a0\u00bb326px\u00a0\u00bb]<\/p>\n<p>\u00c0 l\u2019accueil de notre Monast\u00e8re, une boutique pr\u00e9sente des produits de la Ciergerie qui peuvent \u00eatre un cadeau appr\u00e9ci\u00e9 autant par des enfants que par des adultes, ainsi que des enluminures faisant office de signet, des cartes de visite, double cartes peintes \u00e0 la main et quelques cartes postales, chapelet, etc.<\/p>\n<div id=\"container\">\n<div id=\"content\" class=\"clearfix fullwidth\">\n<div id=\"left-area\">\n<div class=\"entry post clearfix\">\n<div class=\"et_builder clearfix\">\n<div class=\"et_lb_module et_lb_text_block et_lb_first\">\n<p><strong><span class=\"st\"><span class=\"aCOpRe\"><br \/>* Dans notre boutique, nous n&rsquo;acceptons pas les cartes bancaires. Les modes de paiement accept\u00e9s sont les ch\u00e8ques et les esp\u00e8ces uniquement. Nous vous remercions de votre compr\u00e9hension.<\/span><\/span><\/strong><\/p>\n<\/div>\n<\/div>\n<\/div>\n<\/div>\n<\/div>\n<\/div>\n<p>[\/et_pb_text][\/et_pb_column][\/et_pb_row][\/et_pb_section][et_pb_section fb_built=\u00a0\u00bb1&Prime; admin_label=\u00a0\u00bbOur Mission Section\u00a0\u00bb _builder_version=\u00a0\u00bb4.16&Prime; background_color=\u00a0\u00bb#f7f7f7&Prime; custom_padding=\u00a0\u00bb36px||35px|||\u00a0\u00bb global_colors_info=\u00a0\u00bb{}\u00a0\u00bb][et_pb_row _builder_version=\u00a0\u00bb4.16&Prime; global_colors_info=\u00a0\u00bb{}\u00a0\u00bb][et_pb_column type=\u00a0\u00bb4_4&Prime; _builder_version=\u00a0\u00bb4.16&Prime; global_colors_info=\u00a0\u00bb{}\u00a0\u00bb][et_pb_text _builder_version=\u00a0\u00bb4.16&Prime; text_font=\u00a0\u00bb|700|||||||\u00a0\u00bb text_font_size=\u00a0\u00bb24px\u00a0\u00bb text_orientation=\u00a0\u00bbcenter\u00a0\u00bb text_font_size_tablet=\u00a0\u00bb16px\u00a0\u00bb text_font_size_phone=\u00a0\u00bb16px\u00a0\u00bb text_font_size_last_edited=\u00a0\u00bbon|desktop\u00a0\u00bb global_colors_info=\u00a0\u00bb{}\u00a0\u00bb]<\/p>\n<p>Trouvez-nous sur <a href=\"https:\/\/www.facebook.com\/ciergeriedesbenedictines\" target=\"_blank\" rel=\"noopener noreferrer\">Facebook<\/a> ou par t\u00e9l\u00e9phone:\u00a0<strong>05 35 39 63 56 \/ 07 71 35 12 99<\/strong><\/p>\n<p>[\/et_pb_text][\/et_pb_column][\/et_pb_row][et_pb_row column_structure=\u00a0\u00bb1_3,1_3,1_3&Prime; _builder_version=\u00a0\u00bb4.16&Prime; width_tablet=\u00a0\u00bb\u00a0\u00bb width_phone=\u00a0\u00bb\u00a0\u00bb width_last_edited=\u00a0\u00bbon|desktop\u00a0\u00bb module_alignment_tablet=\u00a0\u00bb\u00a0\u00bb module_alignment_phone=\u00a0\u00bbcenter\u00a0\u00bb module_alignment_last_edited=\u00a0\u00bbon|desktop\u00a0\u00bb global_colors_info=\u00a0\u00bb{}\u00a0\u00bb][et_pb_column type=\u00a0\u00bb1_3&Prime; _builder_version=\u00a0\u00bb4.16&Prime; global_colors_info=\u00a0\u00bb{}\u00a0\u00bb][et_pb_image src=\u00a0\u00bbhttps:\/\/ciergerie-urt.net\/public\/wp-content\/uploads\/2014\/11\/Boutique_monastere3_m-300&#215;225.jpg\u00a0\u00bb _builder_version=\u00a0\u00bb4.16&Prime; global_colors_info=\u00a0\u00bb{}\u00a0\u00bb][\/et_pb_image][\/et_pb_column][et_pb_column type=\u00a0\u00bb1_3&Prime; _builder_version=\u00a0\u00bb4.16&Prime; global_colors_info=\u00a0\u00bb{}\u00a0\u00bb][et_pb_image src=\u00a0\u00bbhttps:\/\/ciergerie-urt.net\/public\/wp-content\/uploads\/2021\/09\/boutique-300&#215;200.png\u00a0\u00bb _builder_version=\u00a0\u00bb4.16&Prime; global_colors_info=\u00a0\u00bb{}\u00a0\u00bb][\/et_pb_image][\/et_pb_column][et_pb_column type=\u00a0\u00bb1_3&Prime; _builder_version=\u00a0\u00bb4.16&Prime; global_colors_info=\u00a0\u00bb{}\u00a0\u00bb][et_pb_image src=\u00a0\u00bbhttps:\/\/ciergerie-urt.net\/public\/wp-content\/uploads\/2014\/11\/Boutique_monastere1_m-300&#215;225.jpg\u00a0\u00bb _builder_version=\u00a0\u00bb4.16&Prime; global_colors_info=\u00a0\u00bb{}\u00a0\u00bb][\/et_pb_image][\/et_pb_column][\/et_pb_row][\/et_pb_section]<\/p>\n","protected":false},"excerpt":{"rendered":"<p>La boutique du monast\u00e8re des B\u00e9n\u00e9dictines\u00c0 l\u2019accueil de notre Monast\u00e8re, une boutique pr\u00e9sente des produits de la Ciergerie qui peuvent \u00eatre un cadeau appr\u00e9ci\u00e9 autant par des enfants que par des adultes, ainsi que des enluminures faisant office de signet, des cartes de visite, double cartes peintes \u00e0 la main et quelques cartes postales, chapelet, [&hellip;]<\/p>\n","protected":false},"author":1,"featured_media":0,"parent":0,"menu_order":0,"comment_status":"closed","ping_status":"closed","template":"","meta":{"_et_pb_use_builder":"on","_et_pb_old_content":"","_et_gb_content_width":"","footnotes":""},"class_list":["post-1183","page","type-page","status-publish","hentry"],"yoast_head":"<!-- This site is optimized with the Yoast SEO plugin v25.3.1 - https:\/\/yoast.com\/wordpress\/plugins\/seo\/ -->\n<title>La Boutique du Monast\u00e8re - Ciergerie d&#039;Urt - Ciergerie des B\u00e9n\u00e9dictines<\/title>\n<meta name=\"robots\" content=\"index, follow, max-snippet:-1, max-image-preview:large, max-video-preview:-1\" \/>\n<link rel=\"canonical\" href=\"https:\/\/ciergerie-urt.net\/public\/la-boutique-du-monastere\/\" \/>\n<meta property=\"og:locale\" content=\"fr_FR\" \/>\n<meta property=\"og:type\" content=\"article\" \/>\n<meta property=\"og:title\" content=\"La Boutique du Monast\u00e8re - Ciergerie d&#039;Urt - Ciergerie des B\u00e9n\u00e9dictines\" \/>\n<meta property=\"og:description\" content=\"La boutique du monast\u00e8re des B\u00e9n\u00e9dictines\u00c0 l\u2019accueil de notre Monast\u00e8re, une boutique pr\u00e9sente des produits de la Ciergerie qui peuvent \u00eatre un cadeau appr\u00e9ci\u00e9 autant par des enfants que par des adultes, ainsi que des enluminures faisant office de signet, des cartes de visite, double cartes peintes \u00e0 la main et quelques cartes postales, chapelet, [&hellip;]\" \/>\n<meta property=\"og:url\" content=\"https:\/\/ciergerie-urt.net\/public\/la-boutique-du-monastere\/\" \/>\n<meta property=\"og:site_name\" content=\"Ciergerie d&#039;Urt - Ciergerie des B\u00e9n\u00e9dictines\" \/>\n<meta property=\"article:modified_time\" content=\"2024-07-13T10:13:43+00:00\" \/>\n<meta name=\"twitter:card\" content=\"summary_large_image\" \/>\n<meta name=\"twitter:label1\" content=\"Dur\u00e9e de lecture estim\u00e9e\" \/>\n\t<meta name=\"twitter:data1\" content=\"6 minutes\" \/>\n<script type=\"application\/ld+json\" class=\"yoast-schema-graph\">{\"@context\":\"https:\/\/schema.org\",\"@graph\":[{\"@type\":\"WebPage\",\"@id\":\"https:\/\/ciergerie-urt.net\/public\/la-boutique-du-monastere\/\",\"url\":\"https:\/\/ciergerie-urt.net\/public\/la-boutique-du-monastere\/\",\"name\":\"La Boutique du Monast\u00e8re - Ciergerie d&#039;Urt - Ciergerie des B\u00e9n\u00e9dictines\",\"isPartOf\":{\"@id\":\"https:\/\/ciergerie-urt.net\/public\/#website\"},\"datePublished\":\"2017-09-01T16:37:02+00:00\",\"dateModified\":\"2024-07-13T10:13:43+00:00\",\"breadcrumb\":{\"@id\":\"https:\/\/ciergerie-urt.net\/public\/la-boutique-du-monastere\/#breadcrumb\"},\"inLanguage\":\"fr-FR\",\"potentialAction\":[{\"@type\":\"ReadAction\",\"target\":[\"https:\/\/ciergerie-urt.net\/public\/la-boutique-du-monastere\/\"]}]},{\"@type\":\"BreadcrumbList\",\"@id\":\"https:\/\/ciergerie-urt.net\/public\/la-boutique-du-monastere\/#breadcrumb\",\"itemListElement\":[{\"@type\":\"ListItem\",\"position\":1,\"name\":\"Accueil\",\"item\":\"https:\/\/ciergerie-urt.net\/public\/\"},{\"@type\":\"ListItem\",\"position\":2,\"name\":\"La Boutique du Monast\u00e8re\"}]},{\"@type\":\"WebSite\",\"@id\":\"https:\/\/ciergerie-urt.net\/public\/#website\",\"url\":\"https:\/\/ciergerie-urt.net\/public\/\",\"name\":\"Ciergerie d&#039;Urt - Ciergerie des B\u00e9n\u00e9dictines\",\"description\":\"Fabrication Artisanale Fran\u00e7aise - Cierges\",\"potentialAction\":[{\"@type\":\"SearchAction\",\"target\":{\"@type\":\"EntryPoint\",\"urlTemplate\":\"https:\/\/ciergerie-urt.net\/public\/?s={search_term_string}\"},\"query-input\":{\"@type\":\"PropertyValueSpecification\",\"valueRequired\":true,\"valueName\":\"search_term_string\"}}],\"inLanguage\":\"fr-FR\"}]}<\/script>\n<!-- \/ Yoast SEO plugin. -->","yoast_head_json":{"title":"La Boutique du Monast\u00e8re - Ciergerie d&#039;Urt - Ciergerie des B\u00e9n\u00e9dictines","robots":{"index":"index","follow":"follow","max-snippet":"max-snippet:-1","max-image-preview":"max-image-preview:large","max-video-preview":"max-video-preview:-1"},"canonical":"https:\/\/ciergerie-urt.net\/public\/la-boutique-du-monastere\/","og_locale":"fr_FR","og_type":"article","og_title":"La Boutique du Monast\u00e8re - Ciergerie d&#039;Urt - Ciergerie des B\u00e9n\u00e9dictines","og_description":"La boutique du monast\u00e8re des B\u00e9n\u00e9dictines\u00c0 l\u2019accueil de notre Monast\u00e8re, une boutique pr\u00e9sente des produits de la Ciergerie qui peuvent \u00eatre un cadeau appr\u00e9ci\u00e9 autant par des enfants que par des adultes, ainsi que des enluminures faisant office de signet, des cartes de visite, double cartes peintes \u00e0 la main et quelques cartes postales, chapelet, [&hellip;]","og_url":"https:\/\/ciergerie-urt.net\/public\/la-boutique-du-monastere\/","og_site_name":"Ciergerie d&#039;Urt - Ciergerie des B\u00e9n\u00e9dictines","article_modified_time":"2024-07-13T10:13:43+00:00","twitter_card":"summary_large_image","twitter_misc":{"Dur\u00e9e de lecture estim\u00e9e":"6 minutes"},"schema":{"@context":"https:\/\/schema.org","@graph":[{"@type":"WebPage","@id":"https:\/\/ciergerie-urt.net\/public\/la-boutique-du-monastere\/","url":"https:\/\/ciergerie-urt.net\/public\/la-boutique-du-monastere\/","name":"La Boutique du Monast\u00e8re - Ciergerie d&#039;Urt - Ciergerie des B\u00e9n\u00e9dictines","isPartOf":{"@id":"https:\/\/ciergerie-urt.net\/public\/#website"},"datePublished":"2017-09-01T16:37:02+00:00","dateModified":"2024-07-13T10:13:43+00:00","breadcrumb":{"@id":"https:\/\/ciergerie-urt.net\/public\/la-boutique-du-monastere\/#breadcrumb"},"inLanguage":"fr-FR","potentialAction":[{"@type":"ReadAction","target":["https:\/\/ciergerie-urt.net\/public\/la-boutique-du-monastere\/"]}]},{"@type":"BreadcrumbList","@id":"https:\/\/ciergerie-urt.net\/public\/la-boutique-du-monastere\/#breadcrumb","itemListElement":[{"@type":"ListItem","position":1,"name":"Accueil","item":"https:\/\/ciergerie-urt.net\/public\/"},{"@type":"ListItem","position":2,"name":"La Boutique du Monast\u00e8re"}]},{"@type":"WebSite","@id":"https:\/\/ciergerie-urt.net\/public\/#website","url":"https:\/\/ciergerie-urt.net\/public\/","name":"Ciergerie d&#039;Urt - Ciergerie des B\u00e9n\u00e9dictines","description":"Fabrication Artisanale Fran\u00e7aise - Cierges","potentialAction":[{"@type":"SearchAction","target":{"@type":"EntryPoint","urlTemplate":"https:\/\/ciergerie-urt.net\/public\/?s={search_term_string}"},"query-input":{"@type":"PropertyValueSpecification","valueRequired":true,"valueName":"search_term_string"}}],"inLanguage":"fr-FR"}]}},"_links":{"self":[{"href":"https:\/\/ciergerie-urt.net\/public\/wp-json\/wp\/v2\/pages\/1183"}],"collection":[{"href":"https:\/\/ciergerie-urt.net\/public\/wp-json\/wp\/v2\/pages"}],"about":[{"href":"https:\/\/ciergerie-urt.net\/public\/wp-json\/wp\/v2\/types\/page"}],"author":[{"embeddable":true,"href":"https:\/\/ciergerie-urt.net\/public\/wp-json\/wp\/v2\/users\/1"}],"replies":[{"embeddable":true,"href":"https:\/\/ciergerie-urt.net\/public\/wp-json\/wp\/v2\/comments?post=1183"}],"version-history":[{"count":35,"href":"https:\/\/ciergerie-urt.net\/public\/wp-json\/wp\/v2\/pages\/1183\/revisions"}],"predecessor-version":[{"id":244001,"href":"https:\/\/ciergerie-urt.net\/public\/wp-json\/wp\/v2\/pages\/1183\/revisions\/244001"}],"wp:attachment":[{"href":"https:\/\/ciergerie-urt.net\/public\/wp-json\/wp\/v2\/media?parent=1183"}],"curies":[{"name":"wp","href":"https:\/\/api.w.org\/{rel}","templated":true}]}}